{"id":734,"date":"2026-05-02T12:14:39","date_gmt":"2026-05-02T12:14:39","guid":{"rendered":"https:\/\/gko.ch\/?page_id=734"},"modified":"2026-05-02T12:14:39","modified_gmt":"2026-05-02T12:14:39","slug":"programm-1994","status":"publish","type":"page","link":"https:\/\/gko.ch\/?page_id=734","title":{"rendered":"Programm 1994"},"content":{"rendered":"\n<p><strong>Samstag, 19. M\u00e4rz 1994, 20 Uhr<\/strong><br>Gemeindehaussaal Ennenda<br>Wolfgang Amadeus Mozart<br>Divertimento f\u00fcr Bl\u00e4ser KV 270<br>Violinkonzert Nr.3 in G-Dur KV 216<br>Joseph Haydn<br>Sinfonie Nr.53 in D-Dur \u201eL&#8217;Imp\u00e9riale\u201c<br>Katharina Kobelt, Violine \/ Glarner Kammerorchester \/ Leitung: Christoph Kobelt<\/p>\n\n\n\n<p><strong>Samstag, 26. November 1994, 17.30 Uhr<\/strong><br>Sch\u00fctzenhaus Glarus<br>Konzert mit Glarner Solisten<br>Antonio Vivaldi<br>Concerto grosso in d-moll op. 3 Nr. 11<br>Leopold Mozart<br>Sinfonia Pastorale in G-Dur f\u00fcr Alphorn und Streichorchester<br>John Loretan<br>St\u00fccke f\u00fcr Alphorn<br>Ferenc Farkas<br>Picola musica di concerto f\u00fcr Streichorchester<br>Leopold Mozart<br>Kindersinfonie Kinderinstrumente und Streichorchester<br>Christoph Kobelt<br>Potpourri mit Glarner Weisen aus op. 15<br>Appenzeller T\u00e4nze<br>&#8222;s&#8216; trommt em Babeli&#8220; und &#8222;Der Cheerab&#8220; Nebentitel<br>John Loretan, Alphorn \/ Johanna Beglinger und Barbara Brunner, Soloviolinen \/ Christoph Steiner, Solocello \/ Silvia<br>Eugster und Regula Haman, Blockfl\u00f6ten \/ Hansruedi Forrer, Klarinette \/ Hans Beat H\u00e4nggi, Cembalo \/<br>Kinderinstrumente: Sch\u00fcler der Musikschule Glarus \/ Glarner Kammerorchester \/ Leitung: Christoph Kobelt<\/p>\n","protected":false},"excerpt":{"rendered":"<p>Samstag, 19. M\u00e4rz 1994, 20 UhrGemeindehaussaal EnnendaWolfgang Amadeus MozartDivertimento f\u00fcr Bl\u00e4ser KV 270Violinkonzert Nr.3 in G-Dur KV 216Joseph HaydnSinfonie Nr.53 [&hellip;]<\/p>\n","protected":false},"author":1,"featured_media":0,"parent":0,"menu_order":0,"comment_status":"closed","ping_status":"closed","template":"","meta":{"site-sidebar-layout":"default","site-content-layout":"","ast-site-content-layout":"default","site-content-style":"default","site-sidebar-style":"default","ast-global-header-display":"","ast-banner-title-visibility":"","ast-main-header-display":"","ast-hfb-above-header-display":"","ast-hfb-below-header-display":"","ast-hfb-mobile-header-display":"","site-post-title":"","ast-breadcrumbs-content":"","ast-featured-img":"","footer-sml-layout":"","ast-disable-related-posts":"","theme-transparent-header-meta":"","adv-header-id-meta":"","stick-header-meta":"","header-above-stick-meta":"","header-main-stick-meta":"","header-below-stick-meta":"","astra-migrate-meta-layouts":"default","ast-page-background-enabled":"default","ast-page-background-meta":{"desktop":{"background-color":"var(--ast-global-color-4)","background-image":"","background-repeat":"repeat","background-position":"center center","background-size":"auto","background-attachment":"scroll","background-type":"","background-media":"","overlay-type":"","overlay-color":"","overlay-opacity":"","overlay-gradient":""},"tablet":{"background-color":"","background-image":"","background-repeat":"repeat","background-position":"center center","background-size":"auto","background-attachment":"scroll","background-type":"","background-media":"","overlay-type":"","overlay-color":"","overlay-opacity":"","overlay-gradient":""},"mobile":{"background-color":"","background-image":"","background-repeat":"repeat","background-position":"center center","background-size":"auto","background-attachment":"scroll","background-type":"","background-media":"","overlay-type":"","overlay-color":"","overlay-opacity":"","overlay-gradient":""}},"ast-content-background-meta":{"desktop":{"background-color":"var(--ast-global-color-5)","background-image":"","background-repeat":"repeat","background-position":"center center","background-size":"auto","background-attachment":"scroll","background-type":"","background-media":"","overlay-type":"","overlay-color":"","overlay-opacity":"","overlay-gradient":""},"tablet":{"background-color":"var(--ast-global-color-5)","background-image":"","background-repeat":"repeat","background-position":"center center","background-size":"auto","background-attachment":"scroll","background-type":"","background-media":"","overlay-type":"","overlay-color":"","overlay-opacity":"","overlay-gradient":""},"mobile":{"background-color":"var(--ast-global-color-5)","background-image":"","background-repeat":"repeat","background-position":"center center","background-size":"auto","background-attachment":"scroll","background-type":"","background-media":"","overlay-type":"","overlay-color":"","overlay-opacity":"","overlay-gradient":""}},"footnotes":""},"class_list":["post-734","page","type-page","status-publish","hentry"],"_links":{"self":[{"href":"https:\/\/gko.ch\/index.php?rest_route=\/wp\/v2\/pages\/734","targetHints":{"allow":["GET"]}}],"collection":[{"href":"https:\/\/gko.ch\/index.php?rest_route=\/wp\/v2\/pages"}],"about":[{"href":"https:\/\/gko.ch\/index.php?rest_route=\/wp\/v2\/types\/page"}],"author":[{"embeddable":true,"href":"https:\/\/gko.ch\/index.php?rest_route=\/wp\/v2\/users\/1"}],"replies":[{"embeddable":true,"href":"https:\/\/gko.ch\/index.php?rest_route=%2Fwp%2Fv2%2Fcomments&post=734"}],"version-history":[{"count":1,"href":"https:\/\/gko.ch\/index.php?rest_route=\/wp\/v2\/pages\/734\/revisions"}],"predecessor-version":[{"id":735,"href":"https:\/\/gko.ch\/index.php?rest_route=\/wp\/v2\/pages\/734\/revisions\/735"}],"wp:attachment":[{"href":"https:\/\/gko.ch\/index.php?rest_route=%2Fwp%2Fv2%2Fmedia&parent=734"}],"curies":[{"name":"wp","href":"https:\/\/api.w.org\/{rel}","templated":true}]}}