{"id":115,"date":"2024-11-28T18:39:34","date_gmt":"2024-11-28T18:39:34","guid":{"rendered":"https:\/\/wordpress.gko.ch\/?page_id=115"},"modified":"2024-11-28T20:11:15","modified_gmt":"2024-11-28T20:11:15","slug":"programm-2022","status":"publish","type":"page","link":"https:\/\/gko.ch\/?page_id=115","title":{"rendered":"Programm 2022"},"content":{"rendered":"\n<h2 class=\"wp-block-heading\"><a href=\"https:\/\/www.gko.ch\/user_upload\/Konzerte_22\/Streicherserenade%202022-6.pdf\">Streicherserenade, Reformierte Kirche Netstal, 13. November 2022<\/a><\/h2>\n\n\n\n<p>Mitwirkende Ensembles der Glarner Musikschule: Fiddleplausch, Contrappunto, Feierabendorchester.<\/p>\n\n\n\n<p><strong>Programm<\/strong>:<\/p>\n\n\n\n<p>2 Kanons<\/p>\n\n\n\n<p>L\u00e1szl\u00f3 Zempl\u00e9ni: Musikalische Reise f\u00fcr Kinderorchester<\/p>\n\n\n\n<p>A. Dvo\u0159\u00e1k (arr. Cecilia Watson): Largo aus der Sinfonie &#8222;neue Welt&#8220;<\/p>\n\n\n\n<p>Johan Svendsen: 2 Schwedische Volksmelodien<\/p>\n\n\n\n<p>B. Romberg oder J.-B. Br\u00e9val: 2 S\u00e4tze aus Cellokonzert<\/p>\n\n\n\n<p>Ferenc Farkas: Partita all&#8216; ungaresca<\/p>\n\n\n\n<p><a href=\"https:\/\/www.gko.ch\/user_upload\/Probenplan\/Probenplan_II-%20Streicherserenade%20GKO%20und%20Streicherensembles%20der%20Glarner%20Musikschule.pdf\">Probeplan<br><br><\/a><img fetchpriority=\"high\" decoding=\"async\" src=\"https:\/\/www.gko.ch\/user_upload\/Konzerte_22\/Sueostschweiz%20Glarner%20Generationen.png\" alt=\"Glarner Generationen musizieren zusammen\" width=\"934\" height=\"446\"><\/p>\n\n\n\n<h1 class=\"wp-block-heading\">Nachtrag zur Oper in den Medien<\/h1>\n\n\n\n<p><strong><a href=\"https:\/\/www.arttv.ch\/musik\/oper-fiorina-la-fanciulla-di-glaris\/\">Arttv.ch<\/a><\/strong><\/p>\n\n\n\n<figure class=\"wp-block-embed\"><div class=\"wp-block-embed__wrapper\">\nhttps:\/\/www.arttv.ch\/musik\/oper-fiorina-la-fanciulla-di-glaris\n<\/div><\/figure>\n\n\n\n<p><strong><a href=\"https:\/\/onlinemerker.com\/glarus-schweiz-kantonsschule-fiorina-o-la-fanciulla-di-glarus-von-carlo-pedrotti\/\">Online Merker<\/a><\/strong><\/p>\n\n\n\n<figure class=\"wp-block-embed is-type-wp-embed is-provider-online-merker wp-block-embed-online-merker\"><div class=\"wp-block-embed__wrapper\">\n<blockquote class=\"wp-embedded-content\" data-secret=\"jAIWwMN8oC\"><a href=\"https:\/\/onlinemerker.com\/glarus-schweiz-kantonsschule-fiorina-o-la-fanciulla-di-glarus-von-carlo-pedrotti\/\">GLARUS \/Schweiz\/ Kantonsschule: FIORINA O LA FANCIULLA DI GLARUS von Carlo Pedrotti<\/a><\/blockquote><iframe class=\"wp-embedded-content\" sandbox=\"allow-scripts\" security=\"restricted\" style=\"position: absolute; visibility: hidden;\" title=\"&#8222;GLARUS \/Schweiz\/ Kantonsschule: FIORINA O LA FANCIULLA DI GLARUS von Carlo Pedrotti&#8220; &#8212; Online Merker\" src=\"https:\/\/onlinemerker.com\/glarus-schweiz-kantonsschule-fiorina-o-la-fanciulla-di-glarus-von-carlo-pedrotti\/embed\/#?secret=TBu4qQTrKg#?secret=jAIWwMN8oC\" data-secret=\"jAIWwMN8oC\" width=\"500\" height=\"282\" frameborder=\"0\" marginwidth=\"0\" marginheight=\"0\" scrolling=\"no\"><\/iframe>\n<\/div><\/figure>\n\n\n\n<h1 class=\"wp-block-heading\">&nbsp;<\/h1>\n\n\n\n<h1 class=\"wp-block-heading\"><img decoding=\"async\" src=\"blob:https:\/\/gko.ch\/4d0bdf44-b065-4931-8493-6e57ffa0643c\"><\/h1>\n\n\n\n<h1 class=\"wp-block-heading\">Oper Fiorina o la fanciulla di Glaris<br><br><a href=\"https:\/\/www.gko.ch\/user_upload\/Konzerte_22\/KUGG21_OperFiorina_Flyer_Lay2.pdf\">Flyer als Pdf<\/a><\/h1>\n\n\n\n<p><strong>Datum&nbsp;19.-22.05.2022<\/strong><\/p>\n\n\n\n<p><strong>in der Aula der Kantonsschule&nbsp;Glarus<\/strong><\/p>\n\n\n\n<p><strong>Carlo Pedrotti<\/strong><\/p>\n\n\n\n<p>Oper Fiorina o la fanciulla di Glaris<\/p>\n\n\n\n<p>Glarner Kammerchor, Glarner Singverein und Glarner Kammerorchester&nbsp;verst\u00e4rkt<\/p>\n\n\n\n<p>Leitung: Reto Cuonz<\/p>\n\n\n\n<p><strong><a href=\"https:\/\/www.gko.ch\/user_upload\/Konzerte_2020\/Pedrotti_Libretto_FIORINA.pdf\" target=\"_blank\" rel=\"noreferrer noopener\">Libretto<\/a><\/strong><\/p>\n","protected":false},"excerpt":{"rendered":"<p>Streicherserenade, Reformierte Kirche Netstal, 13. November 2022 Mitwirkende Ensembles der Glarner Musikschule: Fiddleplausch, Contrappunto, Feierabendorchester. Programm: 2 Kanons L\u00e1szl\u00f3 Zempl\u00e9ni: [&hellip;]<\/p>\n","protected":false},"author":1,"featured_media":0,"parent":0,"menu_order":0,"comment_status":"closed","ping_status":"closed","template":"","meta":{"site-sidebar-layout":"default","site-content-layout":"","ast-site-content-layout":"default","site-content-style":"default","site-sidebar-style":"default","ast-global-header-display":"","ast-banner-title-visibility":"","ast-main-header-display":"","ast-hfb-above-header-display":"","ast-hfb-below-header-display":"","ast-hfb-mobile-header-display":"","site-post-title":"","ast-breadcrumbs-content":"","ast-featured-img":"","footer-sml-layout":"","ast-disable-related-posts":"","theme-transparent-header-meta":"","adv-header-id-meta":"","stick-header-meta":"","header-above-stick-meta":"","header-main-stick-meta":"","header-below-stick-meta":"","astra-migrate-meta-layouts":"default","ast-page-background-enabled":"default","ast-page-background-meta":{"desktop":{"background-color":"var(--ast-global-color-4)","background-image":"","background-repeat":"repeat","background-position":"center center","background-size":"auto","background-attachment":"scroll","background-type":"","background-media":"","overlay-type":"","overlay-color":"","overlay-opacity":"","overlay-gradient":""},"tablet":{"background-color":"","background-image":"","background-repeat":"repeat","background-position":"center center","background-size":"auto","background-attachment":"scroll","background-type":"","background-media":"","overlay-type":"","overlay-color":"","overlay-opacity":"","overlay-gradient":""},"mobile":{"background-color":"","background-image":"","background-repeat":"repeat","background-position":"center center","background-size":"auto","background-attachment":"scroll","background-type":"","background-media":"","overlay-type":"","overlay-color":"","overlay-opacity":"","overlay-gradient":""}},"ast-content-background-meta":{"desktop":{"background-color":"var(--ast-global-color-5)","background-image":"","background-repeat":"repeat","background-position":"center center","background-size":"auto","background-attachment":"scroll","background-type":"","background-media":"","overlay-type":"","overlay-color":"","overlay-opacity":"","overlay-gradient":""},"tablet":{"background-color":"var(--ast-global-color-5)","background-image":"","background-repeat":"repeat","background-position":"center center","background-size":"auto","background-attachment":"scroll","background-type":"","background-media":"","overlay-type":"","overlay-color":"","overlay-opacity":"","overlay-gradient":""},"mobile":{"background-color":"var(--ast-global-color-5)","background-image":"","background-repeat":"repeat","background-position":"center center","background-size":"auto","background-attachment":"scroll","background-type":"","background-media":"","overlay-type":"","overlay-color":"","overlay-opacity":"","overlay-gradient":""}},"footnotes":""},"class_list":["post-115","page","type-page","status-publish","hentry"],"_links":{"self":[{"href":"https:\/\/gko.ch\/index.php?rest_route=\/wp\/v2\/pages\/115","targetHints":{"allow":["GET"]}}],"collection":[{"href":"https:\/\/gko.ch\/index.php?rest_route=\/wp\/v2\/pages"}],"about":[{"href":"https:\/\/gko.ch\/index.php?rest_route=\/wp\/v2\/types\/page"}],"author":[{"embeddable":true,"href":"https:\/\/gko.ch\/index.php?rest_route=\/wp\/v2\/users\/1"}],"replies":[{"embeddable":true,"href":"https:\/\/gko.ch\/index.php?rest_route=%2Fwp%2Fv2%2Fcomments&post=115"}],"version-history":[{"count":2,"href":"https:\/\/gko.ch\/index.php?rest_route=\/wp\/v2\/pages\/115\/revisions"}],"predecessor-version":[{"id":318,"href":"https:\/\/gko.ch\/index.php?rest_route=\/wp\/v2\/pages\/115\/revisions\/318"}],"wp:attachment":[{"href":"https:\/\/gko.ch\/index.php?rest_route=%2Fwp%2Fv2%2Fmedia&parent=115"}],"curies":[{"name":"wp","href":"https:\/\/api.w.org\/{rel}","templated":true}]}}

<h2 class="wp-block-heading"><a href="https://www.gko.ch/user_upload/Konzerte_22/Streicherserenade%202022-6.pdf">Streicherserenade, Reformierte Kirche Netstal, 13. November 2022</a></h2>



<p>Mitwirkende Ensembles der Glarner Musikschule: Fiddleplausch, Contrappunto, Feierabendorchester.</p>



<p><strong>Programm</strong>:</p>



<p>2 Kanons</p>



<p>László Zempléni: Musikalische Reise für Kinderorchester</p>



<p>A. Dvořák (arr. Cecilia Watson): Largo aus der Sinfonie &#8222;neue Welt&#8220;</p>



<p>Johan Svendsen: 2 Schwedische Volksmelodien</p>



<p>B. Romberg oder J.-B. Bréval: 2 Sätze aus Cellokonzert</p>



<p>Ferenc Farkas: Partita all&#8216; ungaresca</p>



<p><a href="https://www.gko.ch/user_upload/Probenplan/Probenplan_II-%20Streicherserenade%20GKO%20und%20Streicherensembles%20der%20Glarner%20Musikschule.pdf">Probeplan<br><br></a><img fetchpriority="high" decoding="async" src="https://www.gko.ch/user_upload/Konzerte_22/Sueostschweiz%20Glarner%20Generationen.png" alt="Glarner Generationen musizieren zusammen" width="934" height="446"></p>



<h1 class="wp-block-heading">Nachtrag zur Oper in den Medien</h1>



<p><strong><a href="https://www.arttv.ch/musik/oper-fiorina-la-fanciulla-di-glaris/">Arttv.ch</a></strong></p>



<figure class="wp-block-embed"><div class="wp-block-embed__wrapper">
https://www.arttv.ch/musik/oper-fiorina-la-fanciulla-di-glaris
</div></figure>



<p><strong><a href="https://onlinemerker.com/glarus-schweiz-kantonsschule-fiorina-o-la-fanciulla-di-glarus-von-carlo-pedrotti/">Online Merker</a></strong></p>



<figure class="wp-block-embed is-type-wp-embed is-provider-online-merker wp-block-embed-online-merker"><div class="wp-block-embed__wrapper">
<blockquote class="wp-embedded-content" data-secret="jAIWwMN8oC"><a href="https://onlinemerker.com/glarus-schweiz-kantonsschule-fiorina-o-la-fanciulla-di-glarus-von-carlo-pedrotti/">GLARUS /Schweiz/ Kantonsschule: FIORINA O LA FANCIULLA DI GLARUS von Carlo Pedrotti</a></blockquote><iframe class="wp-embedded-content" sandbox="allow-scripts" security="restricted" style="position: absolute; visibility: hidden;" title="&#8222;GLARUS /Schweiz/ Kantonsschule: FIORINA O LA FANCIULLA DI GLARUS von Carlo Pedrotti&#8220; &#8212; Online Merker" src="https://onlinemerker.com/glarus-schweiz-kantonsschule-fiorina-o-la-fanciulla-di-glarus-von-carlo-pedrotti/embed/#?secret=TBu4qQTrKg#?secret=jAIWwMN8oC" data-secret="jAIWwMN8oC" width="500" height="282" frameborder="0" marginwidth="0" marginheight="0" scrolling="no"></iframe>
</div></figure>



<h1 class="wp-block-heading">&nbsp;</h1>



<h1 class="wp-block-heading"><img decoding="async" src="blob:https://gko.ch/4d0bdf44-b065-4931-8493-6e57ffa0643c"></h1>



<h1 class="wp-block-heading">Oper Fiorina o la fanciulla di Glaris<br><br><a href="https://www.gko.ch/user_upload/Konzerte_22/KUGG21_OperFiorina_Flyer_Lay2.pdf">Flyer als Pdf</a></h1>



<p><strong>Datum&nbsp;19.-22.05.2022</strong></p>



<p><strong>in der Aula der Kantonsschule&nbsp;Glarus</strong></p>



<p><strong>Carlo Pedrotti</strong></p>



<p>Oper Fiorina o la fanciulla di Glaris</p>



<p>Glarner Kammerchor, Glarner Singverein und Glarner Kammerorchester&nbsp;verstärkt</p>



<p>Leitung: Reto Cuonz</p>



<p><strong><a href="https://www.gko.ch/user_upload/Konzerte_2020/Pedrotti_Libretto_FIORINA.pdf" target="_blank" rel="noreferrer noopener">Libretto</a></strong></p>

<p>Streicherserenade, Reformierte Kirche Netstal, 13. November 2022 Mitwirkende Ensembles der Glarner Musikschule: Fiddleplausch, Contrappunto, Feierabendorchester. Programm: 2 Kanons László Zempléni: [&hellip;]</p>
