{"id":113,"date":"2024-11-28T18:39:00","date_gmt":"2024-11-28T18:39:00","guid":{"rendered":"https:\/\/wordpress.gko.ch\/?page_id=113"},"modified":"2024-11-28T18:39:01","modified_gmt":"2024-11-28T18:39:01","slug":"programm-2021","status":"publish","type":"page","link":"https:\/\/gko.ch\/?page_id=113","title":{"rendered":"Programm 2021"},"content":{"rendered":"\n<h2 class=\"wp-block-heading\">Auff\u00fchrungen 2021<\/h2>\n\n\n\n<h1 class=\"wp-block-heading\">Konzert mit jungen Solistinnen und Solisten der Glarner Musikschule<\/h1>\n\n\n\n<p><strong>Achtung: Link mit Mausklick aktivieren, einen Augenblick auf die Youtubeseite warten und geniessen!<\/strong><strong><br><\/strong><\/p>\n\n\n\n<p><a href=\"https:\/\/www.youtube.com\/playlist?list=PLFFl6hLIDOIYQtXkjUA6U5GWwZ5ImxrQ4\">Video-Konzert<\/a><\/p>\n\n\n\n<p>Leitung: Reto Cuonz<br>Moderation: J\u00fcrg Wickihalder<br>Video: Dominik Berchten<br>Datum:&nbsp;<strong>ab 21. Juni 2021<\/strong><\/p>\n\n\n\n<figure class=\"wp-block-embed is-type-video is-provider-youtube wp-block-embed-youtube wp-embed-aspect-16-9 wp-has-aspect-ratio\"><div class=\"wp-block-embed__wrapper\">\n<iframe title=\"Junge Glarner Musiktalente 2021\" width=\"500\" height=\"281\" src=\"https:\/\/www.youtube.com\/embed\/videoseries?list=PLFFl6hLIDOIYQtXkjUA6U5GWwZ5ImxrQ4\" frameborder=\"0\" allow=\"accelerometer; autoplay; clipboard-write; encrypted-media; gyroscope; picture-in-picture; web-share\" referrerpolicy=\"strict-origin-when-cross-origin\" allowfullscreen><\/iframe>\n<\/div><\/figure>\n\n\n\n<p>abrufbar unter&nbsp;<a href=\"http:\/\/www.gko.ch\/\">www.gko.ch&nbsp;<\/a>und&nbsp;<a href=\"http:\/\/www.glarnermusikschule.ch\/\">www.glarnermusikschule.ch<\/a><\/p>\n\n\n\n<p><strong><a href=\"https:\/\/www.gko.ch\/user_upload\/Konzerte_21\/A210492_Flyer_A5.pdf\">Flyer zum Konzert<\/a><\/strong><\/p>\n\n\n\n<p><strong>Joaqu\u00edn Rodrigo<br><\/strong>aus Fantasia para un gentilhombre, A-Dur<\/p>\n\n\n\n<p>Villano y Ricercare \u2013 Esp\u00e3noleta &#8211; Danza<br>f\u00fcr Gitarre, Piccolo, Fl\u00f6te, Oboe, Fagott, Trompete und Streicher<\/p>\n\n\n\n<p>Solist: Michael Jakober, Gitarre<\/p>\n\n\n\n<p><strong>Eug\u00e8ne Bozza<\/strong><br>Aria f\u00fcr Saxofon und Streichorchester (arr. Gian-Andri Cuonz)<\/p>\n\n\n\n<p><strong>Bernard Wayne Sanders<\/strong><br>Gavotte &#8211; Rigaudon aus Tanz-Suite f\u00fcr Saxofon und Streichorchester<\/p>\n\n\n\n<p>Solistin: Nina Becker, Saxofon<\/p>\n\n\n\n<p><strong>Wolfgang Amadeus Mozart<\/strong><br>aus Klavierkonzert D-Dur, KV 107, Allegro<\/p>\n\n\n\n<p>Solistin: Michele Nydegger, Klavier<\/p>\n\n\n\n<p><strong>Henry Purcell<\/strong><br>aus Dido &amp; Aeneas, &#8222;When I am laid &#8230;&#8220;, g-moll<\/p>\n\n\n\n<p><strong>Wolfgang Amadeus Mozart<\/strong><br>Despina aus Cosi fan tutte &#8222;Una Donna a quindici anni&#8220;, G-Dur, KV 588, Andante<\/p>\n\n\n\n<p>Solistin: Julika Mani, Gesang<\/p>\n\n\n\n<p><strong>Georg Philipp Telemann<\/strong><br>Concerto in B-Dur, TWV 52:B1<\/p>\n\n\n\n<p>Solistinnen: Sebastian Rast, Silja Marti, Blockfl\u00f6ten<\/p>\n\n\n\n<p><strong>Johann Sebastian Bach<\/strong><br>aus Concerto in f-moll, BWV 1056, Allegro, Largo &#8211; Presto<\/p>\n\n\n\n<p>Solisten: Yves und Marc Gregor, Klavier<\/p>\n\n\n\n<p>Das Glarner Kammerorchester begleitet junge Solistinnen und Solisten der Glarner Musikschule<\/p>\n\n\n\n<p>Leitung: Reto Cuonz<\/p>\n\n\n\n<p><strong>Wort und Musik<\/strong><\/p>\n\n\n\n<p>Im M\u00e4rz k\u00f6nnen wir diesen Anlass nicht wie geplant durchf\u00fchren, weder in St. Johann, noch in Linthal GL.<\/p>\n\n\n\n<p>Verschiebedatum:<\/p>\n\n\n\n<p>Samstag, 25.9.21, 19:00 reformierte Kirche Linthal<\/p>\n\n\n\n<p>Sonntag, 26.9.21, 17:00 Klosterkirche Neu St. Johann<\/p>\n\n\n\n<p><strong>K.D.v. Dittersdorf<\/strong><br>Harfenkonzert&nbsp;A-Dur<\/p>\n\n\n\n<p><strong>W.A. Mozart<\/strong><br>Divertimento D-Dur&nbsp;KV 136A.<\/p>\n\n\n\n<p><strong>A. Dvo\u0159\u00e1k<\/strong><br>Serenade E-Dur op. 22 1. Satz<\/p>\n\n\n\n<p><strong>J.Massenet<\/strong><br>Meditationaus Tha\u00efsf\u00fcr Violine&nbsp;und Orchester<\/p>\n\n\n\n<p>Glarner Kammerorchester&nbsp;&nbsp;Leitung: Reto Cuonz<br><br><strong>Solistin: Selina Cuonz\/Harfe<br><\/strong><\/p>\n\n\n\n<p>Selina Cuonz begann ihr Harfenstudium bei Xenia Schindler an der Hochschule Luzern &#8211; Musik, wo sie 2012 den Master Instrumentalp\u00e4dagogik erlangte. Danach f\u00fchrte sie ihre Ausbildung bei Isabelle Perrin weiter, zuerst in Paris und anschliessend in Oslo, wo sie 2016 ihren Master of Arts Performance abschloss.<\/p>\n\n\n\n<p>Sie ist Preistr\u00e4gerin des Edwin Fischer<\/p>\n\n\n\n<p>Gedenkpreises 2012 und spielte als Solistin u.a. an den Tagen f\u00fcr neue Musik in der Tonhalle, Z\u00fcrich und am internationalen Dam-Festival in Kosovo. Sie ist Zuz\u00fcgerin u.a. im Musikkollegium Winterthur, 21st Century Orchestra,&nbsp;Zugersinfonietta, Harfenistin des&nbsp;Ensemble Montaigne (IGNM Luzern) und ist solistisch und kammermusikalisch in verschiedenen Formationen und Bereichen t\u00e4tig.<\/p>\n","protected":false},"excerpt":{"rendered":"<p>Auff\u00fchrungen 2021 Konzert mit jungen Solistinnen und Solisten der Glarner Musikschule Achtung: Link mit Mausklick aktivieren, einen Augenblick auf die [&hellip;]<\/p>\n","protected":false},"author":1,"featured_media":0,"parent":0,"menu_order":0,"comment_status":"closed","ping_status":"closed","template":"","meta":{"site-sidebar-layout":"default","site-content-layout":"","ast-site-content-layout":"default","site-content-style":"default","site-sidebar-style":"default","ast-global-header-display":"","ast-banner-title-visibility":"","ast-main-header-display":"","ast-hfb-above-header-display":"","ast-hfb-below-header-display":"","ast-hfb-mobile-header-display":"","site-post-title":"","ast-breadcrumbs-content":"","ast-featured-img":"","footer-sml-layout":"","ast-disable-related-posts":"","theme-transparent-header-meta":"","adv-header-id-meta":"","stick-header-meta":"","header-above-stick-meta":"","header-main-stick-meta":"","header-below-stick-meta":"","astra-migrate-meta-layouts":"default","ast-page-background-enabled":"default","ast-page-background-meta":{"desktop":{"background-color":"var(--ast-global-color-4)","background-image":"","background-repeat":"repeat","background-position":"center center","background-size":"auto","background-attachment":"scroll","background-type":"","background-media":"","overlay-type":"","overlay-color":"","overlay-opacity":"","overlay-gradient":""},"tablet":{"background-color":"","background-image":"","background-repeat":"repeat","background-position":"center center","background-size":"auto","background-attachment":"scroll","background-type":"","background-media":"","overlay-type":"","overlay-color":"","overlay-opacity":"","overlay-gradient":""},"mobile":{"background-color":"","background-image":"","background-repeat":"repeat","background-position":"center center","background-size":"auto","background-attachment":"scroll","background-type":"","background-media":"","overlay-type":"","overlay-color":"","overlay-opacity":"","overlay-gradient":""}},"ast-content-background-meta":{"desktop":{"background-color":"var(--ast-global-color-5)","background-image":"","background-repeat":"repeat","background-position":"center center","background-size":"auto","background-attachment":"scroll","background-type":"","background-media":"","overlay-type":"","overlay-color":"","overlay-opacity":"","overlay-gradient":""},"tablet":{"background-color":"var(--ast-global-color-5)","background-image":"","background-repeat":"repeat","background-position":"center center","background-size":"auto","background-attachment":"scroll","background-type":"","background-media":"","overlay-type":"","overlay-color":"","overlay-opacity":"","overlay-gradient":""},"mobile":{"background-color":"var(--ast-global-color-5)","background-image":"","background-repeat":"repeat","background-position":"center center","background-size":"auto","background-attachment":"scroll","background-type":"","background-media":"","overlay-type":"","overlay-color":"","overlay-opacity":"","overlay-gradient":""}},"footnotes":""},"class_list":["post-113","page","type-page","status-publish","hentry"],"_links":{"self":[{"href":"https:\/\/gko.ch\/index.php?rest_route=\/wp\/v2\/pages\/113","targetHints":{"allow":["GET"]}}],"collection":[{"href":"https:\/\/gko.ch\/index.php?rest_route=\/wp\/v2\/pages"}],"about":[{"href":"https:\/\/gko.ch\/index.php?rest_route=\/wp\/v2\/types\/page"}],"author":[{"embeddable":true,"href":"https:\/\/gko.ch\/index.php?rest_route=\/wp\/v2\/users\/1"}],"replies":[{"embeddable":true,"href":"https:\/\/gko.ch\/index.php?rest_route=%2Fwp%2Fv2%2Fcomments&post=113"}],"version-history":[{"count":1,"href":"https:\/\/gko.ch\/index.php?rest_route=\/wp\/v2\/pages\/113\/revisions"}],"predecessor-version":[{"id":114,"href":"https:\/\/gko.ch\/index.php?rest_route=\/wp\/v2\/pages\/113\/revisions\/114"}],"wp:attachment":[{"href":"https:\/\/gko.ch\/index.php?rest_route=%2Fwp%2Fv2%2Fmedia&parent=113"}],"curies":[{"name":"wp","href":"https:\/\/api.w.org\/{rel}","templated":true}]}}

<h2 class="wp-block-heading">Aufführungen 2021</h2>



<h1 class="wp-block-heading">Konzert mit jungen Solistinnen und Solisten der Glarner Musikschule</h1>



<p><strong>Achtung: Link mit Mausklick aktivieren, einen Augenblick auf die Youtubeseite warten und geniessen!</strong><strong><br></strong></p>



<p><a href="https://www.youtube.com/playlist?list=PLFFl6hLIDOIYQtXkjUA6U5GWwZ5ImxrQ4">Video-Konzert</a></p>



<p>Leitung: Reto Cuonz<br>Moderation: Jürg Wickihalder<br>Video: Dominik Berchten<br>Datum:&nbsp;<strong>ab 21. Juni 2021</strong></p>



<figure class="wp-block-embed is-type-video is-provider-youtube wp-block-embed-youtube wp-embed-aspect-16-9 wp-has-aspect-ratio"><div class="wp-block-embed__wrapper">
<iframe title="Junge Glarner Musiktalente 2021" width="500" height="281" src="https://www.youtube.com/embed/videoseries?list=PLFFl6hLIDOIYQtXkjUA6U5GWwZ5ImxrQ4" frameborder="0" allow="accelerometer; autoplay; clipboard-write; encrypted-media; gyroscope; picture-in-picture; web-share" referrerpolicy="strict-origin-when-cross-origin" allowfullscreen></iframe>
</div></figure>



<p>abrufbar unter&nbsp;<a href="http://www.gko.ch/">www.gko.ch&nbsp;</a>und&nbsp;<a href="http://www.glarnermusikschule.ch/">www.glarnermusikschule.ch</a></p>



<p><strong><a href="https://www.gko.ch/user_upload/Konzerte_21/A210492_Flyer_A5.pdf">Flyer zum Konzert</a></strong></p>



<p><strong>Joaquín Rodrigo<br></strong>aus Fantasia para un gentilhombre, A-Dur</p>



<p>Villano y Ricercare – Espãnoleta &#8211; Danza<br>für Gitarre, Piccolo, Flöte, Oboe, Fagott, Trompete und Streicher</p>



<p>Solist: Michael Jakober, Gitarre</p>



<p><strong>Eugène Bozza</strong><br>Aria für Saxofon und Streichorchester (arr. Gian-Andri Cuonz)</p>



<p><strong>Bernard Wayne Sanders</strong><br>Gavotte &#8211; Rigaudon aus Tanz-Suite für Saxofon und Streichorchester</p>



<p>Solistin: Nina Becker, Saxofon</p>



<p><strong>Wolfgang Amadeus Mozart</strong><br>aus Klavierkonzert D-Dur, KV 107, Allegro</p>



<p>Solistin: Michele Nydegger, Klavier</p>



<p><strong>Henry Purcell</strong><br>aus Dido &amp; Aeneas, &#8222;When I am laid &#8230;&#8220;, g-moll</p>



<p><strong>Wolfgang Amadeus Mozart</strong><br>Despina aus Cosi fan tutte &#8222;Una Donna a quindici anni&#8220;, G-Dur, KV 588, Andante</p>



<p>Solistin: Julika Mani, Gesang</p>



<p><strong>Georg Philipp Telemann</strong><br>Concerto in B-Dur, TWV 52:B1</p>



<p>Solistinnen: Sebastian Rast, Silja Marti, Blockflöten</p>



<p><strong>Johann Sebastian Bach</strong><br>aus Concerto in f-moll, BWV 1056, Allegro, Largo &#8211; Presto</p>



<p>Solisten: Yves und Marc Gregor, Klavier</p>



<p>Das Glarner Kammerorchester begleitet junge Solistinnen und Solisten der Glarner Musikschule</p>



<p>Leitung: Reto Cuonz</p>



<p><strong>Wort und Musik</strong></p>



<p>Im März können wir diesen Anlass nicht wie geplant durchführen, weder in St. Johann, noch in Linthal GL.</p>



<p>Verschiebedatum:</p>



<p>Samstag, 25.9.21, 19:00 reformierte Kirche Linthal</p>



<p>Sonntag, 26.9.21, 17:00 Klosterkirche Neu St. Johann</p>



<p><strong>K.D.v. Dittersdorf</strong><br>Harfenkonzert&nbsp;A-Dur</p>



<p><strong>W.A. Mozart</strong><br>Divertimento D-Dur&nbsp;KV 136A.</p>



<p><strong>A. Dvořák</strong><br>Serenade E-Dur op. 22 1. Satz</p>



<p><strong>J.Massenet</strong><br>Meditationaus Thaïsfür Violine&nbsp;und Orchester</p>



<p>Glarner Kammerorchester&nbsp;&nbsp;Leitung: Reto Cuonz<br><br><strong>Solistin: Selina Cuonz/Harfe<br></strong></p>



<p>Selina Cuonz begann ihr Harfenstudium bei Xenia Schindler an der Hochschule Luzern &#8211; Musik, wo sie 2012 den Master Instrumentalpädagogik erlangte. Danach führte sie ihre Ausbildung bei Isabelle Perrin weiter, zuerst in Paris und anschliessend in Oslo, wo sie 2016 ihren Master of Arts Performance abschloss.</p>



<p>Sie ist Preisträgerin des Edwin Fischer</p>



<p>Gedenkpreises 2012 und spielte als Solistin u.a. an den Tagen für neue Musik in der Tonhalle, Zürich und am internationalen Dam-Festival in Kosovo. Sie ist Zuzügerin u.a. im Musikkollegium Winterthur, 21st Century Orchestra,&nbsp;Zugersinfonietta, Harfenistin des&nbsp;Ensemble Montaigne (IGNM Luzern) und ist solistisch und kammermusikalisch in verschiedenen Formationen und Bereichen tätig.</p>

<p>Aufführungen 2021 Konzert mit jungen Solistinnen und Solisten der Glarner Musikschule Achtung: Link mit Mausklick aktivieren, einen Augenblick auf die [&hellip;]</p>
