{"id":111,"date":"2024-11-28T18:38:20","date_gmt":"2024-11-28T18:38:20","guid":{"rendered":"https:\/\/wordpress.gko.ch\/?page_id=111"},"modified":"2024-11-28T18:38:21","modified_gmt":"2024-11-28T18:38:21","slug":"programm-2019","status":"publish","type":"page","link":"https:\/\/gko.ch\/?page_id=111","title":{"rendered":"Programm 2019"},"content":{"rendered":"\n<h2 class=\"wp-block-heading\">Aufgef\u00fchrte Werke 2019<\/h2>\n\n\n\n<h1 class=\"wp-block-heading\">Sinfoniekonzert<\/h1>\n\n\n\n<p><strong>25. Mai 2019 um 20:00 Uhr im Gemeindehaussaal Ennenda<\/strong><\/p>\n\n\n\n<p>Joseph Haydn<\/p>\n\n\n\n<p>Sinfonie Nr. 6<\/p>\n\n\n\n<p>D-Dur Hob. I:6<\/p>\n\n\n\n<p>&#8222;Le Matin&#8220;<\/p>\n\n\n\n<p>Joseph Haydn<\/p>\n\n\n\n<p>Konzert f\u00fcr Violoncello und Orchester<\/p>\n\n\n\n<p>D-Dur Hob. VIIb:2<\/p>\n\n\n\n<p>&#8212;&nbsp;<\/p>\n\n\n\n<p>Wolfgang Amadeus Mozart<\/p>\n\n\n\n<p>Sinfonie Nr. 36<\/p>\n\n\n\n<p>C-Dur KV 425<\/p>\n\n\n\n<p>&#8222;Linzer&#8220;<\/p>\n\n\n\n<p>Solist:&nbsp;Flurin Cuonz, Violoncello<\/p>\n\n\n\n<p>Glarner Kammerorchester verst\u00e4rkt<\/p>\n\n\n\n<p>Leitung: Reto Cuonz<\/p>\n\n\n\n<p><a href=\"https:\/\/www.gko.ch\/user_upload\/Konzerte_2019\/190310_Sitzplan_Ennenda_2019.pdf\" target=\"_blank\" rel=\"noreferrer noopener\"><strong>&nbsp;Sitzplan<\/strong><\/a><\/p>\n\n\n\n<p><strong><a href=\"https:\/\/www.gko.ch\/user_upload\/Konzerte_2019\/190404_Flyer_Oeffentliche_Probe_Lihn.pdf\" target=\"_blank\" rel=\"noreferrer noopener\">&nbsp;\u00d6ffentliche Probe im Lihn am 28.4.2019<\/a><\/strong><\/p>\n\n\n\n<p><strong><a href=\"https:\/\/www.gko.ch\/user_upload\/Konzerte_2019\/flyer2019.png\" target=\"_blank\" rel=\"noreferrer noopener\">Flyer<\/a><\/strong><\/p>\n\n\n\n<p><strong><a href=\"https:\/\/www.gko.ch\/user_upload\/Konzerte_2019\/05_sogl_72_2019-05-15.pdf\" target=\"_blank\" rel=\"noreferrer noopener\">Konzertvorschau<\/a><\/strong><\/p>\n\n\n\n<p><a href=\"https:\/\/www.gko.ch\/user_upload\/Konzerte_2019\/fridolin.png\" target=\"_blank\" rel=\"noreferrer noopener\"><strong>Konzertbericht Fridolin<\/strong><\/a><\/p>\n\n\n\n<h1 class=\"wp-block-heading\">Die rote Violine: Filmabend mit Streichermusik<\/h1>\n\n\n\n<p><strong>15.&nbsp;Juni 2019 ab 19:00 Uhr,&nbsp;Kino Rosa Luna im Rosenhof Mollis<\/strong><\/p>\n\n\n\n<p>Am Samstag, 15. Juni 2019, \u00f6ffnet das Kino Rosa Luna im Rosenhof Mollis wieder seine (Garten-)Tore f\u00fcr einen klangvollen Filmabend. Ab 20 Uhr gibt es Musik in Quartettformationen des Glarner Kammerorchesters von klassisch bis l\u00fcpfig. Das beliebte selbstgemachte &nbsp;Buffet und die Getr\u00e4nkebar des Rosenhof-Teams sorgen f\u00fcr das leibliche Wohl. Beim Eindunkeln, um ca. 21.45 Uhr wird \u201eDie rote Violine\u201c gezeigt, ein spannender Film um eine italienische Meistergeige. Ausgesucht wurde er von Annek\u00e4thi van den Broek, deren langj\u00e4hriges Wirken im Glarner Kammerorchester mit diesem Abend gew\u00fcrdigt wird. Der Film erz\u00e4hlt die \u00fcber Jahrhunderte reichende wechselvolle, oft tragische Geschichte der Roten Violine, die ihre Besitzer immer wieder in einen magischen Bann zieht. Wie die Musik selber, so geh\u00f6rt uns Menschen ein Instrument nur zeitweilig. Dennoch bleibt es untrennbar mit den Leben seiner Erbauer, Spieler\/-innen oder Eigent\u00fcmer verbunden. &nbsp;<\/p>\n\n\n\n<p>Eintritt 12 Franken, Infos: Barbara Sulzer Vorderdorfstr. 4 8753 Mollis Tel. 076 711 39 21 E-Mail:&nbsp;<a href=\"mailto:barbara.sulzer@zalp.ch\">barbara.sulzer@zalp.ch<\/a><\/p>\n\n\n\n<p><a href=\"https:\/\/www.gko.ch\/user_upload\/Konzerte_2019\/FlyerA5_Rosa_Luna_2019_violin-1.pdf\" target=\"_blank\" rel=\"noreferrer noopener\"><strong>Flyer<\/strong><\/a><\/p>\n\n\n\n<h1 class=\"wp-block-heading\">Kirchenkonzerte Glarner Singverein und Glarner Kammerorchester<\/h1>\n\n\n\n<p><strong>2.&nbsp;November 2019 um 20:00 Uhr in&nbsp;der Reformierten Kirche Mollis<\/strong><\/p>\n\n\n\n<p><strong>3. November 2019 um 17:00 Uhr in der Reformierten Kirche Linthal<\/strong><\/p>\n\n\n\n<p>Wolfgang Amadeus Mozart<\/p>\n\n\n\n<p>Te Deum in C-Dur, KV 141<\/p>\n\n\n\n<p>Divertimento in F-Dur, KV 138<\/p>\n\n\n\n<p>Henry Purcell<\/p>\n\n\n\n<p>Magnificat \/ Nunc dimittis in g-Moll, Z 231\/1,2<\/p>\n\n\n\n<p>Fantasia Nr. 12 in d-Moll, Z 743<\/p>\n\n\n\n<p>Remember not, Lord, our offences in a-Moll, Z 50<\/p>\n\n\n\n<p>Wolfgang Amadeus Mozart<\/p>\n\n\n\n<p>Ave verum corpus in D-Dur, KV 618<\/p>\n\n\n\n<p>Kirchensonate in D-Dur, KV 245<\/p>\n\n\n\n<p>Missa brevis in d-Moll, KV 65<\/p>\n\n\n\n<p>Kathi Stahel, Sopran<\/p>\n\n\n\n<p>Annika Langenbach, Alt<\/p>\n\n\n\n<p>Joel Morand, Tenor<\/p>\n\n\n\n<p>Serafin Heusser, Bass<\/p>\n\n\n\n<p>Moses Kobelt, Orgel<\/p>\n\n\n\n<p>Glarner Singverein &#8211; Glarner Kammerorchester<\/p>\n\n\n\n<p>Leitung: Reto Cuonz<\/p>\n\n\n\n<p><strong><a href=\"https:\/\/www.gko.ch\/user_upload\/Konzerte_2019\/2019_11_Flyer.pdf\" target=\"_blank\" rel=\"noreferrer noopener\">Flyer<\/a><\/strong><\/p>\n\n\n\n<p><a href=\"https:\/\/www.gko.ch\/user_upload\/Konzerte_2019\/191020_Plakat_Mollis_Linthal.pdf\" target=\"_blank\" rel=\"noreferrer noopener\">Plakat<\/a><\/p>\n","protected":false},"excerpt":{"rendered":"<p>Aufgef\u00fchrte Werke 2019 Sinfoniekonzert 25. Mai 2019 um 20:00 Uhr im Gemeindehaussaal Ennenda Joseph Haydn Sinfonie Nr. 6 D-Dur Hob. [&hellip;]<\/p>\n","protected":false},"author":1,"featured_media":0,"parent":0,"menu_order":0,"comment_status":"closed","ping_status":"closed","template":"","meta":{"site-sidebar-layout":"default","site-content-layout":"","ast-site-content-layout":"default","site-content-style":"default","site-sidebar-style":"default","ast-global-header-display":"","ast-banner-title-visibility":"","ast-main-header-display":"","ast-hfb-above-header-display":"","ast-hfb-below-header-display":"","ast-hfb-mobile-header-display":"","site-post-title":"","ast-breadcrumbs-content":"","ast-featured-img":"","footer-sml-layout":"","ast-disable-related-posts":"","theme-transparent-header-meta":"","adv-header-id-meta":"","stick-header-meta":"","header-above-stick-meta":"","header-main-stick-meta":"","header-below-stick-meta":"","astra-migrate-meta-layouts":"default","ast-page-background-enabled":"default","ast-page-background-meta":{"desktop":{"background-color":"var(--ast-global-color-4)","background-image":"","background-repeat":"repeat","background-position":"center center","background-size":"auto","background-attachment":"scroll","background-type":"","background-media":"","overlay-type":"","overlay-color":"","overlay-opacity":"","overlay-gradient":""},"tablet":{"background-color":"","background-image":"","background-repeat":"repeat","background-position":"center center","background-size":"auto","background-attachment":"scroll","background-type":"","background-media":"","overlay-type":"","overlay-color":"","overlay-opacity":"","overlay-gradient":""},"mobile":{"background-color":"","background-image":"","background-repeat":"repeat","background-position":"center center","background-size":"auto","background-attachment":"scroll","background-type":"","background-media":"","overlay-type":"","overlay-color":"","overlay-opacity":"","overlay-gradient":""}},"ast-content-background-meta":{"desktop":{"background-color":"var(--ast-global-color-5)","background-image":"","background-repeat":"repeat","background-position":"center center","background-size":"auto","background-attachment":"scroll","background-type":"","background-media":"","overlay-type":"","overlay-color":"","overlay-opacity":"","overlay-gradient":""},"tablet":{"background-color":"var(--ast-global-color-5)","background-image":"","background-repeat":"repeat","background-position":"center center","background-size":"auto","background-attachment":"scroll","background-type":"","background-media":"","overlay-type":"","overlay-color":"","overlay-opacity":"","overlay-gradient":""},"mobile":{"background-color":"var(--ast-global-color-5)","background-image":"","background-repeat":"repeat","background-position":"center center","background-size":"auto","background-attachment":"scroll","background-type":"","background-media":"","overlay-type":"","overlay-color":"","overlay-opacity":"","overlay-gradient":""}},"footnotes":""},"class_list":["post-111","page","type-page","status-publish","hentry"],"_links":{"self":[{"href":"https:\/\/gko.ch\/index.php?rest_route=\/wp\/v2\/pages\/111","targetHints":{"allow":["GET"]}}],"collection":[{"href":"https:\/\/gko.ch\/index.php?rest_route=\/wp\/v2\/pages"}],"about":[{"href":"https:\/\/gko.ch\/index.php?rest_route=\/wp\/v2\/types\/page"}],"author":[{"embeddable":true,"href":"https:\/\/gko.ch\/index.php?rest_route=\/wp\/v2\/users\/1"}],"replies":[{"embeddable":true,"href":"https:\/\/gko.ch\/index.php?rest_route=%2Fwp%2Fv2%2Fcomments&post=111"}],"version-history":[{"count":1,"href":"https:\/\/gko.ch\/index.php?rest_route=\/wp\/v2\/pages\/111\/revisions"}],"predecessor-version":[{"id":112,"href":"https:\/\/gko.ch\/index.php?rest_route=\/wp\/v2\/pages\/111\/revisions\/112"}],"wp:attachment":[{"href":"https:\/\/gko.ch\/index.php?rest_route=%2Fwp%2Fv2%2Fmedia&parent=111"}],"curies":[{"name":"wp","href":"https:\/\/api.w.org\/{rel}","templated":true}]}}

<h2 class="wp-block-heading">Aufgeführte Werke 2019</h2>



<h1 class="wp-block-heading">Sinfoniekonzert</h1>



<p><strong>25. Mai 2019 um 20:00 Uhr im Gemeindehaussaal Ennenda</strong></p>



<p>Joseph Haydn</p>



<p>Sinfonie Nr. 6</p>



<p>D-Dur Hob. I:6</p>



<p>&#8222;Le Matin&#8220;</p>



<p>Joseph Haydn</p>



<p>Konzert für Violoncello und Orchester</p>



<p>D-Dur Hob. VIIb:2</p>



<p>&#8212;&nbsp;</p>



<p>Wolfgang Amadeus Mozart</p>



<p>Sinfonie Nr. 36</p>



<p>C-Dur KV 425</p>



<p>&#8222;Linzer&#8220;</p>



<p>Solist:&nbsp;Flurin Cuonz, Violoncello</p>



<p>Glarner Kammerorchester verstärkt</p>



<p>Leitung: Reto Cuonz</p>



<p><a href="https://www.gko.ch/user_upload/Konzerte_2019/190310_Sitzplan_Ennenda_2019.pdf" target="_blank" rel="noreferrer noopener"><strong>&nbsp;Sitzplan</strong></a></p>



<p><strong><a href="https://www.gko.ch/user_upload/Konzerte_2019/190404_Flyer_Oeffentliche_Probe_Lihn.pdf" target="_blank" rel="noreferrer noopener">&nbsp;Öffentliche Probe im Lihn am 28.4.2019</a></strong></p>



<p><strong><a href="https://www.gko.ch/user_upload/Konzerte_2019/flyer2019.png" target="_blank" rel="noreferrer noopener">Flyer</a></strong></p>



<p><strong><a href="https://www.gko.ch/user_upload/Konzerte_2019/05_sogl_72_2019-05-15.pdf" target="_blank" rel="noreferrer noopener">Konzertvorschau</a></strong></p>



<p><a href="https://www.gko.ch/user_upload/Konzerte_2019/fridolin.png" target="_blank" rel="noreferrer noopener"><strong>Konzertbericht Fridolin</strong></a></p>



<h1 class="wp-block-heading">Die rote Violine: Filmabend mit Streichermusik</h1>



<p><strong>15.&nbsp;Juni 2019 ab 19:00 Uhr,&nbsp;Kino Rosa Luna im Rosenhof Mollis</strong></p>



<p>Am Samstag, 15. Juni 2019, öffnet das Kino Rosa Luna im Rosenhof Mollis wieder seine (Garten-)Tore für einen klangvollen Filmabend. Ab 20 Uhr gibt es Musik in Quartettformationen des Glarner Kammerorchesters von klassisch bis lüpfig. Das beliebte selbstgemachte &nbsp;Buffet und die Getränkebar des Rosenhof-Teams sorgen für das leibliche Wohl. Beim Eindunkeln, um ca. 21.45 Uhr wird „Die rote Violine“ gezeigt, ein spannender Film um eine italienische Meistergeige. Ausgesucht wurde er von Annekäthi van den Broek, deren langjähriges Wirken im Glarner Kammerorchester mit diesem Abend gewürdigt wird. Der Film erzählt die über Jahrhunderte reichende wechselvolle, oft tragische Geschichte der Roten Violine, die ihre Besitzer immer wieder in einen magischen Bann zieht. Wie die Musik selber, so gehört uns Menschen ein Instrument nur zeitweilig. Dennoch bleibt es untrennbar mit den Leben seiner Erbauer, Spieler/-innen oder Eigentümer verbunden. &nbsp;</p>



<p>Eintritt 12 Franken, Infos: Barbara Sulzer Vorderdorfstr. 4 8753 Mollis Tel. 076 711 39 21 E-Mail:&nbsp;<a href="mailto:barbara.sulzer@zalp.ch">barbara.sulzer@zalp.ch</a></p>



<p><a href="https://www.gko.ch/user_upload/Konzerte_2019/FlyerA5_Rosa_Luna_2019_violin-1.pdf" target="_blank" rel="noreferrer noopener"><strong>Flyer</strong></a></p>



<h1 class="wp-block-heading">Kirchenkonzerte Glarner Singverein und Glarner Kammerorchester</h1>



<p><strong>2.&nbsp;November 2019 um 20:00 Uhr in&nbsp;der Reformierten Kirche Mollis</strong></p>



<p><strong>3. November 2019 um 17:00 Uhr in der Reformierten Kirche Linthal</strong></p>



<p>Wolfgang Amadeus Mozart</p>



<p>Te Deum in C-Dur, KV 141</p>



<p>Divertimento in F-Dur, KV 138</p>



<p>Henry Purcell</p>



<p>Magnificat / Nunc dimittis in g-Moll, Z 231/1,2</p>



<p>Fantasia Nr. 12 in d-Moll, Z 743</p>



<p>Remember not, Lord, our offences in a-Moll, Z 50</p>



<p>Wolfgang Amadeus Mozart</p>



<p>Ave verum corpus in D-Dur, KV 618</p>



<p>Kirchensonate in D-Dur, KV 245</p>



<p>Missa brevis in d-Moll, KV 65</p>



<p>Kathi Stahel, Sopran</p>



<p>Annika Langenbach, Alt</p>



<p>Joel Morand, Tenor</p>



<p>Serafin Heusser, Bass</p>



<p>Moses Kobelt, Orgel</p>



<p>Glarner Singverein &#8211; Glarner Kammerorchester</p>



<p>Leitung: Reto Cuonz</p>



<p><strong><a href="https://www.gko.ch/user_upload/Konzerte_2019/2019_11_Flyer.pdf" target="_blank" rel="noreferrer noopener">Flyer</a></strong></p>



<p><a href="https://www.gko.ch/user_upload/Konzerte_2019/191020_Plakat_Mollis_Linthal.pdf" target="_blank" rel="noreferrer noopener">Plakat</a></p>

<p>Aufgeführte Werke 2019 Sinfoniekonzert 25. Mai 2019 um 20:00 Uhr im Gemeindehaussaal Ennenda Joseph Haydn Sinfonie Nr. 6 D-Dur Hob. [&hellip;]</p>
