{"id":107,"date":"2024-11-28T18:37:01","date_gmt":"2024-11-28T18:37:01","guid":{"rendered":"https:\/\/wordpress.gko.ch\/?page_id=107"},"modified":"2024-11-28T18:37:01","modified_gmt":"2024-11-28T18:37:01","slug":"programm-2017","status":"publish","type":"page","link":"https:\/\/gko.ch\/?page_id=107","title":{"rendered":"Programm 2017"},"content":{"rendered":"\n<h2 class=\"wp-block-heading\">Aufgef\u00fchrte Werke 2017<\/h2>\n\n\n\n<h1 class=\"wp-block-heading\">Sinfoniekonzert<\/h1>\n\n\n\n<p><strong>10. Juni 2017 um 20:00 Uhr im Gemeindehaussaal Ennenda<\/strong><\/p>\n\n\n\n<p>Edvard Grieg<\/p>\n\n\n\n<p>Peer Gynt aus Suite Nr. 1 op. 46<br>Morgenstemning<br>Ases d\u00f8d<br>Anitras dans<\/p>\n\n\n\n<p>Peer Gynt aus Suite Nr. 2 op. 55<br>Solveigs sang<\/p>\n\n\n\n<p>Max Bruch<\/p>\n\n\n\n<p>Violinkonzert Nr. 1 op. 26, g-moll<\/p>\n\n\n\n<p>Ludwig van Beethoven<\/p>\n\n\n\n<p>Sinfonie Nr. 2 op. 36, D-Dur<\/p>\n\n\n\n<p>Solistin: Bettina Boller, Violine<\/p>\n\n\n\n<p>Glarner Kammerorchester verst\u00e4rkt<\/p>\n\n\n\n<p>Leitung: Reto Cuonz<\/p>\n\n\n\n<p><a href=\"https:\/\/www.gko.ch\/user_upload\/Konzerte_2017\/Flyer_Ennenda_2017.jpg\" target=\"_blank\" rel=\"noreferrer noopener\"><strong>Flyer<\/strong><\/a><\/p>\n\n\n\n<p><strong>Pressetext&nbsp;<a href=\"https:\/\/www.gko.ch\/user_upload\/Konzerte_2017\/2017-05-15_Suedostschweiz_Glarus_Seite_11.pdf\" target=\"_blank\" rel=\"noreferrer noopener\">15.5.<\/a>&nbsp;\/&nbsp;<a href=\"https:\/\/www.gko.ch\/user_upload\/Konzerte_2017\/2017-05-31_Glarner_Woche_Glarus_Seite_18.pdf\" target=\"_blank\" rel=\"noreferrer noopener\">31.5.<\/a>&nbsp;\/&nbsp;<a href=\"https:\/\/www.gko.ch\/user_upload\/Konzerte_2017\/2017-06-12_Suedostschweiz_Glarus_Seite_5.pdf\" target=\"_blank\" rel=\"noreferrer noopener\">12.6.<\/a><\/strong><\/p>\n\n\n\n<p><a href=\"https:\/\/www.gko.ch\/user_upload\/Konzerte_2017\/2017-05_GKO_Programmheft_Sinfoniekonzert.pdf\" target=\"_blank\" rel=\"noreferrer noopener\"><strong>Textheft<\/strong><\/a><\/p>\n\n\n\n<h1 class=\"wp-block-heading\">Streicherserenade<\/h1>\n\n\n\n<p><strong>30. September 2017 um 19:00 Uhr in der Evang. Kirche Netstal<\/strong><\/p>\n\n\n\n<p>J.S. Bach<br>Bauernkantate<\/p>\n\n\n\n<p>W.A. Mozart<br>W\u00fcrfelkanon<br>Contretanz<\/p>\n\n\n\n<p>Johann Fischer<br>Aus der &#8222;Tafelmusik&#8220;<\/p>\n\n\n\n<p>Jen\u00f6 Tak\u00e1cs<br>Postkartengr\u00fcsse<\/p>\n\n\n\n<p>P.I. Tschaikowski<br>Chanson Triste<br>Humoresque<\/p>\n\n\n\n<p>Serge Koussevitzky<br>Kontrabasskonzert op. 3<\/p>\n\n\n\n<p>Solist: Christian Hamann, Kontrabass<\/p>\n\n\n\n<p>Glarner Kammerorchester<br>Ensembles der Glarner Musikschule<\/p>\n\n\n\n<p>Leitung: Reto Cuonz<\/p>\n\n\n\n<p><a href=\"https:\/\/www.gko.ch\/user_upload\/Probenplan\/170302_PP_GKO_Sep_2017.pdf\" target=\"_blank\" rel=\"noreferrer noopener\"><strong>Probenplan<\/strong><\/a><\/p>\n\n\n\n<figure class=\"wp-block-image\"><img decoding=\"async\" src=\"https:\/\/www.gko.ch\/images\/Beitraege\/170911_Probe_2.jpg\" alt=\"\"\/><\/figure>\n\n\n\n<p><a href=\"https:\/\/www.gko.ch\/user_upload\/Konzerte_2017\/170912_Pressetext.pdf\" target=\"_blank\" rel=\"noreferrer noopener\"><strong>Pressetext<\/strong><\/a><\/p>\n","protected":false},"excerpt":{"rendered":"<p>Aufgef\u00fchrte Werke 2017 Sinfoniekonzert 10. Juni 2017 um 20:00 Uhr im Gemeindehaussaal Ennenda Edvard Grieg Peer Gynt aus Suite Nr. [&hellip;]<\/p>\n","protected":false},"author":1,"featured_media":0,"parent":0,"menu_order":0,"comment_status":"closed","ping_status":"closed","template":"","meta":{"site-sidebar-layout":"default","site-content-layout":"","ast-site-content-layout":"default","site-content-style":"default","site-sidebar-style":"default","ast-global-header-display":"","ast-banner-title-visibility":"","ast-main-header-display":"","ast-hfb-above-header-display":"","ast-hfb-below-header-display":"","ast-hfb-mobile-header-display":"","site-post-title":"","ast-breadcrumbs-content":"","ast-featured-img":"","footer-sml-layout":"","ast-disable-related-posts":"","theme-transparent-header-meta":"","adv-header-id-meta":"","stick-header-meta":"","header-above-stick-meta":"","header-main-stick-meta":"","header-below-stick-meta":"","astra-migrate-meta-layouts":"default","ast-page-background-enabled":"default","ast-page-background-meta":{"desktop":{"background-color":"var(--ast-global-color-4)","background-image":"","background-repeat":"repeat","background-position":"center center","background-size":"auto","background-attachment":"scroll","background-type":"","background-media":"","overlay-type":"","overlay-color":"","overlay-opacity":"","overlay-gradient":""},"tablet":{"background-color":"","background-image":"","background-repeat":"repeat","background-position":"center center","background-size":"auto","background-attachment":"scroll","background-type":"","background-media":"","overlay-type":"","overlay-color":"","overlay-opacity":"","overlay-gradient":""},"mobile":{"background-color":"","background-image":"","background-repeat":"repeat","background-position":"center center","background-size":"auto","background-attachment":"scroll","background-type":"","background-media":"","overlay-type":"","overlay-color":"","overlay-opacity":"","overlay-gradient":""}},"ast-content-background-meta":{"desktop":{"background-color":"var(--ast-global-color-5)","background-image":"","background-repeat":"repeat","background-position":"center center","background-size":"auto","background-attachment":"scroll","background-type":"","background-media":"","overlay-type":"","overlay-color":"","overlay-opacity":"","overlay-gradient":""},"tablet":{"background-color":"var(--ast-global-color-5)","background-image":"","background-repeat":"repeat","background-position":"center center","background-size":"auto","background-attachment":"scroll","background-type":"","background-media":"","overlay-type":"","overlay-color":"","overlay-opacity":"","overlay-gradient":""},"mobile":{"background-color":"var(--ast-global-color-5)","background-image":"","background-repeat":"repeat","background-position":"center center","background-size":"auto","background-attachment":"scroll","background-type":"","background-media":"","overlay-type":"","overlay-color":"","overlay-opacity":"","overlay-gradient":""}},"footnotes":""},"class_list":["post-107","page","type-page","status-publish","hentry"],"_links":{"self":[{"href":"https:\/\/gko.ch\/index.php?rest_route=\/wp\/v2\/pages\/107","targetHints":{"allow":["GET"]}}],"collection":[{"href":"https:\/\/gko.ch\/index.php?rest_route=\/wp\/v2\/pages"}],"about":[{"href":"https:\/\/gko.ch\/index.php?rest_route=\/wp\/v2\/types\/page"}],"author":[{"embeddable":true,"href":"https:\/\/gko.ch\/index.php?rest_route=\/wp\/v2\/users\/1"}],"replies":[{"embeddable":true,"href":"https:\/\/gko.ch\/index.php?rest_route=%2Fwp%2Fv2%2Fcomments&post=107"}],"version-history":[{"count":1,"href":"https:\/\/gko.ch\/index.php?rest_route=\/wp\/v2\/pages\/107\/revisions"}],"predecessor-version":[{"id":108,"href":"https:\/\/gko.ch\/index.php?rest_route=\/wp\/v2\/pages\/107\/revisions\/108"}],"wp:attachment":[{"href":"https:\/\/gko.ch\/index.php?rest_route=%2Fwp%2Fv2%2Fmedia&parent=107"}],"curies":[{"name":"wp","href":"https:\/\/api.w.org\/{rel}","templated":true}]}}