{"id":103,"date":"2024-11-28T18:35:26","date_gmt":"2024-11-28T18:35:26","guid":{"rendered":"https:\/\/wordpress.gko.ch\/?page_id=103"},"modified":"2024-11-28T18:35:27","modified_gmt":"2024-11-28T18:35:27","slug":"programm-2014","status":"publish","type":"page","link":"https:\/\/gko.ch\/?page_id=103","title":{"rendered":"Programm 2014"},"content":{"rendered":"\n<h2 class=\"wp-block-heading\">Aufgef\u00fchrte Werke 2014<\/h2>\n\n\n\n<h1 class=\"wp-block-heading\">Symphonisches Konzert mit Chor<\/h1>\n\n\n\n<p><strong>16. November 2014 um 17:00 Uhr in der Stadtkirche Glarus<\/strong><\/p>\n\n\n\n<p>Christoph Kobelt<br>Konzert f\u00fcr Orgel, Streichorchester und Pauken op.28<\/p>\n\n\n\n<p>C\u00e9sar Franck<br>Psalm 150<\/p>\n\n\n\n<p>Richard Wagner<br>Siegfried-Idyll<\/p>\n\n\n\n<p>Emanuele Jannibelli, Orgel<br><br>Glarner Kammerorchester verst\u00e4rkt<br><br>Leitung: Christoph Kobelt<\/p>\n\n\n\n<p><strong>Vorverkauf:<\/strong><\/p>\n\n\n\n<p>ab 25. Oktober 2014<br>Buchhandlung Baeschlin, Glarus<br>Telefon&nbsp;055 640 11 25<img decoding=\"async\" src=\"resource:\/\/skype_ff_extension-at-jetpack\/skype_ff_extension\/data\/call_skype_logo.png\" width=\"0\" height=\"0\">055 640 11 25,&nbsp;<a href=\"mailto:office@baeschlin.ch\">office@baeschlin.ch<\/a><\/p>\n\n\n\n<p><a href=\"https:\/\/www.gko.ch\/user_upload\/Programme\/141116_Plakat.png\" target=\"_blank\" rel=\"noreferrer noopener\"><strong>Plakat<\/strong><\/a><\/p>\n\n\n\n<p><a href=\"https:\/\/www.gko.ch\/user_upload\/Programme\/141116_Flyer.png\" target=\"_blank\" rel=\"noreferrer noopener\"><strong>Flyer<\/strong><\/a><\/p>\n\n\n\n<p><a href=\"https:\/\/www.gko.ch\/user_upload\/Programme\/2014_Textheft_GKO_GSV_Herbstkonzert.pdf\" target=\"_blank\" rel=\"noreferrer noopener\"><strong>Textheft<\/strong><\/a><\/p>\n\n\n\n<p><a href=\"https:\/\/www.gko.ch\/user_upload\/Probenplan\/PP%20GKO%202014%20November%20Stadtkirche.pdf\" target=\"_blank\" rel=\"noreferrer noopener\"><strong>Probenplan<\/strong><\/a><\/p>\n\n\n\n<h1 class=\"wp-block-heading\">Sinfoniekonzert<\/h1>\n\n\n\n<p><strong>12. M\u00e4rz 2014 um 20:00 Uhr in der Linth-Arena N\u00e4fels<\/strong><\/p>\n\n\n\n<p>Carl Maria von Weber<br>Concertino f\u00fcr Klarinette und Orchester op.26<\/p>\n\n\n\n<p>Franz Schubert<br>unvollendete Sinfonie in h-moll D 579<\/p>\n\n\n\n<p>Anton\u00edn Dvo\u0159\u00e1k<br>Konzert f\u00fcr Solocello und Orchester op. 104<\/p>\n\n\n\n<p>Ricardo Gatzmann, Klarinette<br>Flurin Cuonz, Cello<\/p>\n\n\n\n<p>Glarner Kammerorchester<br>glarnerandstriicher<\/p>\n\n\n\n<p>Leitung: Christoph Kobelt<\/p>\n\n\n\n<p><strong>Ticketverkauf:<\/strong><\/p>\n\n\n\n<p>&#8211; Tickets direkt kaufen beim Empfang der linth-arena sgu oder bei Baeschlin B\u00fccher Glarus (Tel.&nbsp;055 640 11 25<img decoding=\"async\" src=\"resource:\/\/skype_ff_extension-at-jetpack\/skype_ff_extension\/data\/call_skype_logo.png\" width=\"0\" height=\"0\">055 640 11 25).<\/p>\n\n\n\n<p>&#8211; Tickets bestellen online unter www.kultur2012.ch. Sie k\u00f6nnen dort die nummerierten Sitzpl\u00e4tze direkt &nbsp;buchen (Mitglieder mit &nbsp;Rabattcode).<\/p>\n\n\n\n<p>&#8211; Tickets bestellen unter&nbsp;<a href=\"mailto:ticket@kultur2012.ch\">ticket@kultur2012.ch<\/a>&nbsp;oder Tel.&nbsp;055 618 70 70<img decoding=\"async\" src=\"resource:\/\/skype_ff_extension-at-jetpack\/skype_ff_extension\/data\/call_skype_logo.png\" width=\"0\" height=\"0\">055 618 70 70&nbsp;(f\u00fcr Mitglieder mit Angabe des Rabattcodes); die Tickets werden auf Wunsch zugesandt. Wer sein Billett bei Baeschlin bestellen m\u00f6chte, kann dies telefonisch tun, muss aber das Billett in den folgenden Tagen dort abholen (kein Zur\u00fccklegen bis zum Konzertabend).<\/p>\n\n\n\n<p>Spezialrabatte (Jugendliche und Glarner Maestro Card) k\u00f6nnen nur am Schalter der Linth-Arena bezogen werden:<\/p>\n\n\n\n<p>50 % Rabatt f\u00fcr Jugendliche (Sch\u00fcler\/Studenten) gegen Vorlage eines Ausweises (Abendkasse oder Vorverkauf)<br>20% &nbsp;Rabatt f\u00fcr zwei Tickets mit Glarner Maestro Card<\/p>\n\n\n\n<p>Die Abendkasse in der Linth-Arena ist ab 19 Uhr ge\u00f6ffnet.<\/p>\n\n\n\n<p><strong>Romantisch &amp; virtuos: Sinfonie- und Solistenkonzert mit Glarner Musikern<\/strong><\/p>\n\n\n\n<p>Ein Muss nicht nur f\u00fcr Klassik-Fans, sondern f\u00fcr alle, die einmal ein Sinfoniekonzert mit weltber\u00fchmten Werken der Romantik h\u00f6ren wollen: Unter Leitung des Glarner Kulturpreistr\u00e4gers und Dirigenten Christoph Kobelt vereinen sich das Glarner Kammerorchester, das Ensemble Glarnerlandstriicher und zwei hochtalentierte Solisten zu einem musikalischen Grossereignis auf der B\u00fchne der Linth-Arena.<\/p>\n\n\n\n<p>Sehnsuchtsvolle Melodien, packende Dramatik und virtuos musizierte Soli versprechen Franz Schuberts \u201eUnvollendete Sinfonie\u201c, Antonin Dvo\u0159\u00e1ks \u201eKonzert f\u00fcr Solocello und Orchester\u201c, sowie Carl Maria von Webers \u201eConcertino f\u00fcr Klarinette und Orchester\u201c.<\/p>\n\n\n\n<p>Ricardo Gatzmann, brasilianisch-schweizerischer Klarinettist und wohnhaft in Glarus, begeisterte bereits 2010 als Solist des Glarner Kammerorchesters Hunderte Zuh\u00f6rer im Klarinettenkonzert von Mozart.<\/p>\n\n\n\n<p>Flurin Cuonz (Violoncello), Sohn des Glarner Musikers Reto Cuonz, studierte u.a. am Mozarteum in Salzburg und erwarb 2012 dort das Solistendiplom mit Auszeichnung. Er gewann etliche Preise (u.a. 2012 Kiefer Hablitzel Stiftung, 2010 1.Preis am Cellowettbewerb &#8222;Enrico Mainardi&#8220; der Universit\u00e4t Mozarteum Salzburg, 2010 und 2009 MIGROS \u2013 Kulturprozent\/ Ernst-G\u00f6hner Stiftung, 2008 Erster Preis Kiwanis-Musikwettbewerb) Im April 2011 widmete ihm der Radiosender \u00d61-ORF ein Radioportrait.<\/p>\n\n\n\n<p><strong><a href=\"https:\/\/www.gko.ch\/user_upload\/Konzerte_2014\/SolistenportraetRicardoGatzmann.pdf\" target=\"_blank\" rel=\"noreferrer noopener\">Portr\u00e4t Ricardo Gatzmann<\/a><\/strong><\/p>\n\n\n\n<p><strong><a href=\"https:\/\/www.gko.ch\/user_upload\/Konzerte_2014\/SolistenpotraetFlurinCuonz.pdf\" target=\"_blank\" rel=\"noreferrer noopener\">Portr\u00e4t Flurin Cuonz<\/a><\/strong><\/p>\n\n\n\n<p><strong><a href=\"https:\/\/www.gko.ch\/user_upload\/Konzerte_2014\/DirigentenportraetChristophKobelt.pdf\" target=\"_blank\" rel=\"noreferrer noopener\">Portr\u00e4t Christoph Kobelt<\/a><\/strong><\/p>\n\n\n\n<p><strong><a href=\"https:\/\/www.gko.ch\/user_upload\/Konzerte_2014\/glarnerlandstriicher.pdf\" target=\"_blank\" rel=\"noreferrer noopener\">Portr\u00e4t glarnerlandstriicher<\/a><\/strong><\/p>\n\n\n\n<p><strong>Pressemeldungen<\/strong><\/p>\n\n\n\n<p><a href=\"https:\/\/www.gko.ch\/user_upload\/Konzerte_2014\/Schweiz_am_Sonntag_23.Februar.pdf\" target=\"_blank\" rel=\"noreferrer noopener\">Schweiz am Sonntag, 23.2.2014<\/a><\/p>\n\n\n\n<p><a href=\"https:\/\/www.gko.ch\/user_upload\/Konzerte_2014\/Glarner_Kammerorchester_GlarnerWoche_19.Februar.pdf\" target=\"_blank\" rel=\"noreferrer noopener\">Glarner Woche 10, 19.2.2014<\/a><\/p>\n\n\n\n<p><a href=\"https:\/\/www.gko.ch\/user_upload\/Konzerte_2014\/Fridolin_20.Februar_Seite_17.pdf\" target=\"_blank\" rel=\"noreferrer noopener\">Fridolin, 20.2.2014<\/a><\/p>\n\n\n\n<p><a href=\"http:\/\/www.gko.ch\/user_upload\/Probenplan\/PP%20GKO%202014%20Dvorak-Schubert-Weber.pdf\" target=\"_blank\" rel=\"noreferrer noopener\"><strong>&nbsp;<\/strong><\/a><\/p>\n\n\n\n<p><a href=\"https:\/\/www.gko.ch\/user_upload\/Probenplan\/PP%20GKO%202014%20Dvorak-Schubert-Weber.pdf\" target=\"_blank\" rel=\"noreferrer noopener\"><strong>Probenplan<\/strong><\/a><\/p>\n","protected":false},"excerpt":{"rendered":"<p>Aufgef\u00fchrte Werke 2014 Symphonisches Konzert mit Chor 16. November 2014 um 17:00 Uhr in der Stadtkirche Glarus Christoph KobeltKonzert f\u00fcr [&hellip;]<\/p>\n","protected":false},"author":1,"featured_media":0,"parent":0,"menu_order":0,"comment_status":"closed","ping_status":"closed","template":"","meta":{"site-sidebar-layout":"default","site-content-layout":"","ast-site-content-layout":"default","site-content-style":"default","site-sidebar-style":"default","ast-global-header-display":"","ast-banner-title-visibility":"","ast-main-header-display":"","ast-hfb-above-header-display":"","ast-hfb-below-header-display":"","ast-hfb-mobile-header-display":"","site-post-title":"","ast-breadcrumbs-content":"","ast-featured-img":"","footer-sml-layout":"","ast-disable-related-posts":"","theme-transparent-header-meta":"","adv-header-id-meta":"","stick-header-meta":"","header-above-stick-meta":"","header-main-stick-meta":"","header-below-stick-meta":"","astra-migrate-meta-layouts":"default","ast-page-background-enabled":"default","ast-page-background-meta":{"desktop":{"background-color":"var(--ast-global-color-4)","background-image":"","background-repeat":"repeat","background-position":"center center","background-size":"auto","background-attachment":"scroll","background-type":"","background-media":"","overlay-type":"","overlay-color":"","overlay-opacity":"","overlay-gradient":""},"tablet":{"background-color":"","background-image":"","background-repeat":"repeat","background-position":"center center","background-size":"auto","background-attachment":"scroll","background-type":"","background-media":"","overlay-type":"","overlay-color":"","overlay-opacity":"","overlay-gradient":""},"mobile":{"background-color":"","background-image":"","background-repeat":"repeat","background-position":"center center","background-size":"auto","background-attachment":"scroll","background-type":"","background-media":"","overlay-type":"","overlay-color":"","overlay-opacity":"","overlay-gradient":""}},"ast-content-background-meta":{"desktop":{"background-color":"var(--ast-global-color-5)","background-image":"","background-repeat":"repeat","background-position":"center center","background-size":"auto","background-attachment":"scroll","background-type":"","background-media":"","overlay-type":"","overlay-color":"","overlay-opacity":"","overlay-gradient":""},"tablet":{"background-color":"var(--ast-global-color-5)","background-image":"","background-repeat":"repeat","background-position":"center center","background-size":"auto","background-attachment":"scroll","background-type":"","background-media":"","overlay-type":"","overlay-color":"","overlay-opacity":"","overlay-gradient":""},"mobile":{"background-color":"var(--ast-global-color-5)","background-image":"","background-repeat":"repeat","background-position":"center center","background-size":"auto","background-attachment":"scroll","background-type":"","background-media":"","overlay-type":"","overlay-color":"","overlay-opacity":"","overlay-gradient":""}},"footnotes":""},"class_list":["post-103","page","type-page","status-publish","hentry"],"_links":{"self":[{"href":"https:\/\/gko.ch\/index.php?rest_route=\/wp\/v2\/pages\/103","targetHints":{"allow":["GET"]}}],"collection":[{"href":"https:\/\/gko.ch\/index.php?rest_route=\/wp\/v2\/pages"}],"about":[{"href":"https:\/\/gko.ch\/index.php?rest_route=\/wp\/v2\/types\/page"}],"author":[{"embeddable":true,"href":"https:\/\/gko.ch\/index.php?rest_route=\/wp\/v2\/users\/1"}],"replies":[{"embeddable":true,"href":"https:\/\/gko.ch\/index.php?rest_route=%2Fwp%2Fv2%2Fcomments&post=103"}],"version-history":[{"count":1,"href":"https:\/\/gko.ch\/index.php?rest_route=\/wp\/v2\/pages\/103\/revisions"}],"predecessor-version":[{"id":104,"href":"https:\/\/gko.ch\/index.php?rest_route=\/wp\/v2\/pages\/103\/revisions\/104"}],"wp:attachment":[{"href":"https:\/\/gko.ch\/index.php?rest_route=%2Fwp%2Fv2%2Fmedia&parent=103"}],"curies":[{"name":"wp","href":"https:\/\/api.w.org\/{rel}","templated":true}]}}

<h2 class="wp-block-heading">Aufgeführte Werke 2014</h2>



<h1 class="wp-block-heading">Symphonisches Konzert mit Chor</h1>



<p><strong>16. November 2014 um 17:00 Uhr in der Stadtkirche Glarus</strong></p>



<p>Christoph Kobelt<br>Konzert für Orgel, Streichorchester und Pauken op.28</p>



<p>César Franck<br>Psalm 150</p>



<p>Richard Wagner<br>Siegfried-Idyll</p>



<p>Emanuele Jannibelli, Orgel<br><br>Glarner Kammerorchester verstärkt<br><br>Leitung: Christoph Kobelt</p>



<p><strong>Vorverkauf:</strong></p>



<p>ab 25. Oktober 2014<br>Buchhandlung Baeschlin, Glarus<br>Telefon&nbsp;055 640 11 25<img decoding="async" src="resource://skype_ff_extension-at-jetpack/skype_ff_extension/data/call_skype_logo.png" width="0" height="0">055 640 11 25,&nbsp;<a href="mailto:office@baeschlin.ch">office@baeschlin.ch</a></p>



<p><a href="https://www.gko.ch/user_upload/Programme/141116_Plakat.png" target="_blank" rel="noreferrer noopener"><strong>Plakat</strong></a></p>



<p><a href="https://www.gko.ch/user_upload/Programme/141116_Flyer.png" target="_blank" rel="noreferrer noopener"><strong>Flyer</strong></a></p>



<p><a href="https://www.gko.ch/user_upload/Programme/2014_Textheft_GKO_GSV_Herbstkonzert.pdf" target="_blank" rel="noreferrer noopener"><strong>Textheft</strong></a></p>



<p><a href="https://www.gko.ch/user_upload/Probenplan/PP%20GKO%202014%20November%20Stadtkirche.pdf" target="_blank" rel="noreferrer noopener"><strong>Probenplan</strong></a></p>



<h1 class="wp-block-heading">Sinfoniekonzert</h1>



<p><strong>12. März 2014 um 20:00 Uhr in der Linth-Arena Näfels</strong></p>



<p>Carl Maria von Weber<br>Concertino für Klarinette und Orchester op.26</p>



<p>Franz Schubert<br>unvollendete Sinfonie in h-moll D 579</p>



<p>Antonín Dvořák<br>Konzert für Solocello und Orchester op. 104</p>



<p>Ricardo Gatzmann, Klarinette<br>Flurin Cuonz, Cello</p>



<p>Glarner Kammerorchester<br>glarnerandstriicher</p>



<p>Leitung: Christoph Kobelt</p>



<p><strong>Ticketverkauf:</strong></p>



<p>&#8211; Tickets direkt kaufen beim Empfang der linth-arena sgu oder bei Baeschlin Bücher Glarus (Tel.&nbsp;055 640 11 25<img decoding="async" src="resource://skype_ff_extension-at-jetpack/skype_ff_extension/data/call_skype_logo.png" width="0" height="0">055 640 11 25).</p>



<p>&#8211; Tickets bestellen online unter www.kultur2012.ch. Sie können dort die nummerierten Sitzplätze direkt &nbsp;buchen (Mitglieder mit &nbsp;Rabattcode).</p>



<p>&#8211; Tickets bestellen unter&nbsp;<a href="mailto:ticket@kultur2012.ch">ticket@kultur2012.ch</a>&nbsp;oder Tel.&nbsp;055 618 70 70<img decoding="async" src="resource://skype_ff_extension-at-jetpack/skype_ff_extension/data/call_skype_logo.png" width="0" height="0">055 618 70 70&nbsp;(für Mitglieder mit Angabe des Rabattcodes); die Tickets werden auf Wunsch zugesandt. Wer sein Billett bei Baeschlin bestellen möchte, kann dies telefonisch tun, muss aber das Billett in den folgenden Tagen dort abholen (kein Zurücklegen bis zum Konzertabend).</p>



<p>Spezialrabatte (Jugendliche und Glarner Maestro Card) können nur am Schalter der Linth-Arena bezogen werden:</p>



<p>50 % Rabatt für Jugendliche (Schüler/Studenten) gegen Vorlage eines Ausweises (Abendkasse oder Vorverkauf)<br>20% &nbsp;Rabatt für zwei Tickets mit Glarner Maestro Card</p>



<p>Die Abendkasse in der Linth-Arena ist ab 19 Uhr geöffnet.</p>



<p><strong>Romantisch &amp; virtuos: Sinfonie- und Solistenkonzert mit Glarner Musikern</strong></p>



<p>Ein Muss nicht nur für Klassik-Fans, sondern für alle, die einmal ein Sinfoniekonzert mit weltberühmten Werken der Romantik hören wollen: Unter Leitung des Glarner Kulturpreisträgers und Dirigenten Christoph Kobelt vereinen sich das Glarner Kammerorchester, das Ensemble Glarnerlandstriicher und zwei hochtalentierte Solisten zu einem musikalischen Grossereignis auf der Bühne der Linth-Arena.</p>



<p>Sehnsuchtsvolle Melodien, packende Dramatik und virtuos musizierte Soli versprechen Franz Schuberts „Unvollendete Sinfonie“, Antonin Dvořáks „Konzert für Solocello und Orchester“, sowie Carl Maria von Webers „Concertino für Klarinette und Orchester“.</p>



<p>Ricardo Gatzmann, brasilianisch-schweizerischer Klarinettist und wohnhaft in Glarus, begeisterte bereits 2010 als Solist des Glarner Kammerorchesters Hunderte Zuhörer im Klarinettenkonzert von Mozart.</p>



<p>Flurin Cuonz (Violoncello), Sohn des Glarner Musikers Reto Cuonz, studierte u.a. am Mozarteum in Salzburg und erwarb 2012 dort das Solistendiplom mit Auszeichnung. Er gewann etliche Preise (u.a. 2012 Kiefer Hablitzel Stiftung, 2010 1.Preis am Cellowettbewerb &#8222;Enrico Mainardi&#8220; der Universität Mozarteum Salzburg, 2010 und 2009 MIGROS – Kulturprozent/ Ernst-Göhner Stiftung, 2008 Erster Preis Kiwanis-Musikwettbewerb) Im April 2011 widmete ihm der Radiosender Ö1-ORF ein Radioportrait.</p>



<p><strong><a href="https://www.gko.ch/user_upload/Konzerte_2014/SolistenportraetRicardoGatzmann.pdf" target="_blank" rel="noreferrer noopener">Porträt Ricardo Gatzmann</a></strong></p>



<p><strong><a href="https://www.gko.ch/user_upload/Konzerte_2014/SolistenpotraetFlurinCuonz.pdf" target="_blank" rel="noreferrer noopener">Porträt Flurin Cuonz</a></strong></p>



<p><strong><a href="https://www.gko.ch/user_upload/Konzerte_2014/DirigentenportraetChristophKobelt.pdf" target="_blank" rel="noreferrer noopener">Porträt Christoph Kobelt</a></strong></p>



<p><strong><a href="https://www.gko.ch/user_upload/Konzerte_2014/glarnerlandstriicher.pdf" target="_blank" rel="noreferrer noopener">Porträt glarnerlandstriicher</a></strong></p>



<p><strong>Pressemeldungen</strong></p>



<p><a href="https://www.gko.ch/user_upload/Konzerte_2014/Schweiz_am_Sonntag_23.Februar.pdf" target="_blank" rel="noreferrer noopener">Schweiz am Sonntag, 23.2.2014</a></p>



<p><a href="https://www.gko.ch/user_upload/Konzerte_2014/Glarner_Kammerorchester_GlarnerWoche_19.Februar.pdf" target="_blank" rel="noreferrer noopener">Glarner Woche 10, 19.2.2014</a></p>



<p><a href="https://www.gko.ch/user_upload/Konzerte_2014/Fridolin_20.Februar_Seite_17.pdf" target="_blank" rel="noreferrer noopener">Fridolin, 20.2.2014</a></p>



<p><a href="http://www.gko.ch/user_upload/Probenplan/PP%20GKO%202014%20Dvorak-Schubert-Weber.pdf" target="_blank" rel="noreferrer noopener"><strong>&nbsp;</strong></a></p>



<p><a href="https://www.gko.ch/user_upload/Probenplan/PP%20GKO%202014%20Dvorak-Schubert-Weber.pdf" target="_blank" rel="noreferrer noopener"><strong>Probenplan</strong></a></p>

<p>Aufgeführte Werke 2014 Symphonisches Konzert mit Chor 16. November 2014 um 17:00 Uhr in der Stadtkirche Glarus Christoph KobeltKonzert für [&hellip;]</p>
